s divided by 212.
14
Calculate the remainder when 325646 is divided by 34.
28
Calculate the remainder when 2671 is divided by 403.
253
Calculate the remainder when 259432 is divided by 91.
82
Calculate the remainder when 1263 is divided by 629.
5
Calculate the remainder when 2448 is divided by 31.
30
What is the remainder when 167530 is divided by 12?
10
Calculate the remainder when 5054266 is divided by 151.
145
What is the remainder when 471483 is divided by 21?
12
What is the remainder when 93899 is divided by 831?
827
Calculate the remainder when 167054 is divided by 18.
14
What is the remainder when 26752 is divided by 6?
4
Calculate the remainder when 9070 is divided by 649.
633
What is the remainder when 7557 is divided by 7551?
6
Calculate the remainder when 59060 is divided by 1312.
20
Calculate the remainder when 694 is divided by 170.
14
Calculate the remainder when 19811 is divided by 127.
126
Calculate the remainder when 24959 is divided by 159.
155
What is the remainder when 78602 is divided by 50?
2
What is the remainder when 212921 is divided by 14194?
11
Calculate the remainder when 9082 is divided by 20.
2
What is the remainder when 603083 is divided by 46?
23
Calculate the remainder when 6394 is divided by 3185.
24
What is the remainder when 21853 is divided by 2731?
5
What is the remainder when 6791363 is divided by 612?
611
Calculate the remainder when 1258 is divided by 42.
40
Calculate the remainder when 7687 is divided by 3831.
25
Calculate the remainder when 156 is divided by 90.
66
Calculate the remainder when 19094 is divided by 4765.
34
Calculate the remainder when 236822 is divided by 191.
173
What is the remainder when 720 is divided by 207?
99
What is the remainder when 1335 is divided by 326?
31
Calculate the remainder when 71643 is divided by 218.
139
What is the remainder when 354 is divided by 326?
28
What is the remainder when 4783 is divided by 943?
68
What is the remainder when 43037 is divided by 4767?
134
Calculate the remainder when 4370 is divided by 56.
2
Calculate the remainder when 1799 is divided by 351.
44
Calculate the remainder when 1920 is divided by 1919.
1
Calculate the remainder when 403658 is divided by 8775.
8
What is the remainder when 9078 is divided by 162?
6
What is the remainder when 328172 is divided by 92?
8
Calculate the remainder when 1055965 is divided by 15.
10
What is the remainder when 27133 is divided by 662?
653
Calculate the remainder when 13128 is divided by 1190.
38
Calculate the remainder when 16435 is divided by 75.
10
Calculate the remainder when 80628 is divided by 127.
110
What is the remainder when 716 is divided by 211?
83
Calculate the remainder when 637 is divided by 283.
71
What is the remainder when 27745 is divided by 141?
109
Calculate the remainder when 870223 is divided by 145035.
13
Calculate the remainder when 68531 is divided by 21.
8
What is the remainder when 61343 is divided by 345?
278
Calculate the remainder when 1350776 is divided by 30017.
11
Calculate the remainder when 859903 is divided by 348.
343
What is the remainder when 35159 is divided by 58?
11
What is the remainder when 579 is divided by 438?
141
Calculate the remainder when 219666 is divided by 790.
46
Calculate the remainder when 11083 is divided by 10858.
225
Calculate the remainder when 12594 is divided by 6267.
60
Calculate the remainder when 226251 is divided by 76.
75
Calculate the remainder when 12081 is divided by 90.
21
What is the remainder when 1027 is divided by 34?
7
Calculate the remainder when 7858 is divided by 785.
8
What is the remainder when 14494 is divided by 439?
7
Calculate the remainder when 13087 is divided by 381.
133
Calculate the remainder when 50047 is divided by 65.
62
What is the remainder when 181795 is divided by 45443?
23
Calculate the remainder when 4413 is divided by 197.
79
What is the remainder when 17559 is divided by 77?
3
Calculate the remainder when 22477 is divided by 11186.
105
What is the remainder when 4435 is divided by 632?
11
Calculate the remainder when 16243 is divided by 803.
183
Calculate the remainder when 4502 is divided by 4490.
12
Calculate the remainder when 85413 is divided by 6.
3
What is the remainder when 2196 is divided by 2082?
114
Calculate the remainder when 113841 is divided by 831.
825
What is the remainder when 177217 is divided by 59060?
37
What is the remainder when 399082 is divided by 7?
5
Calculate the remainder when 75431 is divided by 503.
484
What is the remainder when 49331 is divided by 24606?
119
What is the remainder when 14877 is divided by 4956?
9
Calculate the remainder when 1400 is divided by 131.
90
Calculate the remainder when 6218 is divided by 54.
8
What is the remainder when 13580 is divided by 149?
21
Calculate the remainder when 47727 is divided by 67.
23
Calculate the remainder when 41926 is divided by 545.
506
What is the remainder when 27534 is divided by 983?
10
What is the remainder when 1549 is divided by 831?
718
Calculate the remainder when 172271 is divided by 1595.
11
Calculate the remainder when 1321 is divided by 384.
169
What is the remainder when 46718 is divided by 834?
14
Calculate the remainder when 67180 is divided by 1050.
1030
What is the remainder when 181365 is divided by 229?
226
Calculate the remainder when 105564 is divided by 320.
284
Calculate the remainder when 75874 is divided by 36.
22
What is the remainder when 1087 is divided by 153?
16
Calculate the remainder when 10789 is divided by 38.
35
Calculate the remainder when 9385 is divided by 284.
13
Calculate the remainder when 6098 is divided by 9.
5
Calculate the remainder when 7636 is divided by 1907.
8
Calculate the remainder when 76674 is divided by 58.
56
What is the remainder when 2552 is divided by 261?
203
Calculate the remainder when 16945 is divided by 4233.
13
What is the remainder when 4216 is divided by 2074?
68
What is the remainder when 32560 is divided by 86?
52
What is the remainder when 76372 is divided by 20?
12
Calculate the remainder when 110440 is divided by 233.
231
Calculate the remainder when 1882 is divided by 162.
100
Calculate the remainder when 1870633 is divided by 265.
263
Calculate the remainder when 1135 is divided by 354.
73
Calculate the remainder when 15071 is divided by 599.
96
What is the remainder when 23206 is divided by 1359?
103
What is the remainder when 2856 is divided by 135?
21
Calculate the remainder when 14826 is divided by 1342.
64
Calculate the remainder when 5951 is divided by 1245.
971
Calculate the remainder when 4524 is divided by 2214.
96
What is the remainder when 1207077 is divided by 62?
61
What is the remainder when 1691 is divided by 28?
11
What is the remainder when 50702 is divided by 16?
14
What is the remainder when 6118 is divided by 677?
25
What is the remainder when 27768 is divided by 9252?
12
What is the remainder when 422518 is divided by 36?
22
Calculate the remainder when 2948 is divided by 22.
0
Calculate the remainder when 214971 is divided by 21496.
11
Calculate the remainder when 35838 is divided by 1635.
1503
What is the remainder when 498 is divided by 408?
90
Calculate the remainder when 65698 is divided by 144.
34
What is the remainder when 9007 is divided by 97?
83
Calculate the remainder when 177245 is divided by 191.
188
Calculate the remainder when 107009 is divided by 27.
8
What is the remainder when 13057 is divided by 338?
213
What is the remainder when 1218 is divided by 103?
85
Calculate the remainder when 5621338 is divided by 19.
17
Calculate the remainder when 4083 is divided by 174.
81
Calculate the remainder when 12364 is divided by 354.
328
What is the remainder when 21351 is divided by 21346?
5
What is the remainder when 26554 is divided by 43?
23
Calculate the remainder when 390768 is divided by 46.
44
What is the remainder when 2849 is divided by 2156?
693
Calculate the remainder when 1263647 is divided by 19.
14
What is the remainder when 192125 is divided by 13?
11
Calculate the remainder when 329454 is divided by 8.
6
What is the remainder when 11875 is divided by 43?
7
Calculate the remainder when 15684 is divided by 29.
24
What is the remainder when 14003 is divided by 366?
95
What is the remainder when 4866 is